{"id":98,"date":"2014-11-12T13:26:32","date_gmt":"2014-11-12T12:26:32","guid":{"rendered":"http:\/\/localhost\/wordpress\/?page_id=98"},"modified":"2020-09-21T22:57:43","modified_gmt":"2020-09-21T20:57:43","slug":"zespol-taneczny-mak","status":"publish","type":"page","link":"https:\/\/www.mdk1.zabrze.pl\/?page_id=98","title":{"rendered":"Zesp\u00f3\u0142 Taneczny &#8222;MAK&#8221;"},"content":{"rendered":"<p style=\"text-align: justify;\" align=\"JUSTIFY\"><span style=\"color: #000000;\">&nbsp; <b>Zesp\u00f3\u0142 Taneczny &#8222;Mak&#8221; powsta\u0142 w roku 1984. Ju\u017c po rocznej pracy zesp\u00f3\u0142 znalaz\u0142 si\u0119 w gronie najlepszych dzieci\u0119cych zespo\u0142\u00f3w tanecznych \u015al\u0105ska i od tej pory cieszy si\u0119 du\u017c\u0105 popularno\u015bci\u0105 i sympati\u0105 widz\u00f3w. Siedzib\u0105 zespo\u0142u jest Ognisko Pracy Pozaszkolnej Nr l w Zabrzu-Mikulczycach.<\/b><\/span><\/p>\n<p style=\"text-align: justify;\"><span style=\"color: #000000;\">Zesp\u00f3\u0142 specjalizuje si\u0119 w kr\u00f3tkich uk\u0142adach tanecznych, kt\u00f3re &#8211; w po\u0142\u0105czeniu z muzyk\u0105 rockow\u0105 b\u0105d\u017a transkrypcjami muzyki klasycznej &#8211; stanowi\u0105 taneczny obrazek. &#8222;Mak&#8221; ma na swoim estradowym koncie wiele wyst\u0119p\u00f3w wykonywanych wsp\u00f3lnie z artystami tej miary, co Majka Je\u017cowska, Robert Janowski, czy ekipa telewizyjnego Tik-Taka. Mo\u017ce poszczyci\u0107 si\u0119 r\u00f3wnie\u017c nagraniem programu telewizyjnego pt. &#8222;Ma\u0142e Musicale&#8221;, zrealizowanego przez &#8222;T\u0119czowe Studio&#8221; Telewizji Polskiej.<\/span><br \/>\n<span style=\"color: #000000;\"> Obecnie w repertuarze zespo\u0142u, opr\u00f3cz kr\u00f3tkich utwor\u00f3w tanecznych, znajduje si\u0119 50-minutowy spektakl ta\u0144ca wsp\u00f3\u0142czesnego pt. &#8222;Od \u015bwitu po zmierzch&#8221;, kt\u00f3rego premiera odby\u0142a si\u0119 24.11.2001 r. w Teatrze Nowym w Zabrzu. Przedstawienie stanowi\u0105ce po\u0142\u0105czenie ta\u0144ca, muzyki i teatru jest podr\u00f3\u017c\u0105 przez takie sfery i emocje naszego \u017cycia, jak samotno\u015b\u0107, nadzieja, przyja\u017a\u0144, wiara, mi\u0142o\u015b\u0107, rado\u015b\u0107. Cz\u0142onkowie zespo\u0142u, \u015bwiadomi w\u0142asnych trosk, rado\u015bci, problem\u00f3w i zainteresowa\u0144 wype\u0142niaj\u0105cych ich codzienne \u017cycie, pr\u00f3buj\u0105 opowiedzie\u0107 o tym innym przy pomocy ruchu swojego cia\u0142a poddaj\u0105cego si\u0119 nastrojom p\u0142yn\u0105cym z muzyki. Grupa reprezentacyjna zespo\u0142u liczy 25 dziewcz\u0105t w wieku od 11 do 19 lat.<\/span><\/p>\n<p style=\"text-align: justify;\"><span style=\"color: #000000;\">Kierownikiem i choreografem zespo\u0142u jest Ma\u0142gorzata Makowska &#8211; absolwentka Pa\u0144stwowej Szko\u0142y Baletowej w Bytomiu i Wydzia\u0142u Animacji Spo\u0142eczno &#8211; Kulturalnej Uniwersytetu \u015al\u0105skiego w Katowicach. Sw\u00f3j warsztat choreograficzny rozwija poprzez uczestnictwo w Mi\u0119dzynarodowej Konferencji Ta\u0144ca Wsp\u00f3\u0142czesnego organizowanej co roku przez \u015al\u0105ski Teatr Ta\u0144ca w Bytomiu oraz innych warsztatach tanecznych organizowanych na terenie ca\u0142ego kraju. Zesp\u00f3\u0142 Taneczny &#8222;Mak&#8221; jest wielokrotnym laureatem festiwali, przegl\u0105d\u00f3w i konkurs\u00f3w na szczeblu wojew\u00f3dzkim, og\u00f3lnopolskim i mi\u0119dzynarodowym. W roku 2002 zesp\u00f3\u0142 zdoby\u0142 &#8222;Z\u0142oty Aplauz&#8221; na Mi\u0119dzynarodowym Festiwalu Piosenki i Ta\u0144ca w Koninie i otrzyma\u0142 tytu\u0142 laureata oraz Nagrod\u0119 Ministra Edukacji Narodowej i Sportu w Og\u00f3lnopolskim Konkursie Zespo\u0142\u00f3w Tanecznych Dzieci i M\u0142odzie\u017cy w Gorzowie Wielkopolskim.<\/span><\/p>\n<h4 style=\"text-align: justify;\"><span style=\"color: #000000;\">&nbsp;<\/span><\/h4>\n<p style=\"text-align: justify;\" align=\"CENTER\"><span style=\"color: #000000;\"><b>W 2014 roku zesp\u00f3\u0142 obchodzi\u0142 trzydziestolecie swojej dzia\u0142alno\u015bci.<\/b><\/span><\/p>\n<h4 style=\"text-align: justify;\"><span style=\"color: #000000;\">Za\u0142o\u017cycielem i jednocze\u015bnie choreografem zespo\u0142u jest Ma\u0142gorzata Makowska. O swojej pracy m\u00f3wi:<\/span><\/h4>\n<hr width=\"100%\" size=\"1\" noshade=\"noshade\" align=\"CENTER\">\n<h6 style=\"text-align: justify;\"><span style=\"color: #000000;\">&nbsp;<\/span><\/h6>\n<p style=\"text-align: justify;\" align=\"CENTER\"><span style=\"color: #000000;\"><img loading=\"lazy\" decoding=\"async\" src=\"http:\/\/www.zabrze.net.pl\/dzierzonia\/moddard\/opp1\/opp\/dkmikule\/mak\/052.jpg\" alt=\"\" width=\"320\" height=\"215\" border=\"1\"><\/span><\/p>\n<h4 style=\"text-align: justify;\"><span style=\"color: #000000;\">&#8211; Staram si\u0119, by dzieci poprzez ruch swego cia\u0142a przedstawia\u0142y my\u015bli, uczucia, zjawiska i prze\u017cycia. Pobudzam i rozwijam ich mo\u017cliwo\u015bci wyra\u017cania siebie i tworzenia, bo przecie\u017c bycie tw\u00f3rczym jest niezwykle potrzebn\u0105 umiej\u0119tno\u015bci\u0105 dotycz\u0105c\u0105 ca\u0142ego \u017cycia.<\/span><\/h4>\n<hr width=\"100%\" size=\"1\" noshade=\"noshade\" align=\"CENTER\">\n<p style=\"text-align: justify;\"><span style=\"color: #000000;\">Zespo\u0142y taneczne &#8222;MAK&#8221; i &#8222;MACZEK&#8221; s\u0105 wielokrotnymi laureatami przegl\u0105d\u00f3w miejskich i wojew\u00f3dzkich, a ponadto zdoby\u0142y:<\/span><\/p>\n<p style=\"text-align: justify;\"><span style=\"color: #000000;\">&#8211; &#8222;Z\u0142oty Aplauz&#8221; na XXIII Mi\u0119dzynarodowym Festiwalu Piosenki i Ta\u0144ca w Koninie (2002)<\/span><br \/>\n<span style=\"color: #000000;\"> &#8211; wyr\u00f3\u017cnienie na Mi\u0119dzynarodowym Festiwalu Piosenki i Ta\u0144ca w Koninie (1999)<\/span><br \/>\n<span style=\"color: #000000;\"> &#8211; &#8222;Srebrny&#8221; i &#8222;Br\u0105zowy Aplauz&#8221; na Og\u00f3lnopolskim Festiwalu Piosenki i Ta\u0144ca w Koninie (1988, 1992),<\/span><br \/>\n<span style=\"color: #000000;\"> &#8211; trzykrotnie g\u0142\u00f3wn\u0105 nagrod\u0119 w Og\u00f3lnopolskim Konkursie Piosenki i Ta\u0144ca &#8222;Barwy Przyja\u017ani&#8221; w Zielonej G\u00f3rze (1987, 1988, 1989),<\/span><br \/>\n<span style=\"color: #000000;\"> &#8211; &#8222;Srebrn\u0105 Nutk\u0119&#8221; w Og\u00f3lnopolskim Konkursie &#8222;Odkrywamy talenty&#8221; T\u0119czowego Music &#8211; Boxu (1993)<\/span><br \/>\n<span style=\"color: #000000;\"> &#8211; II nagrod\u0119 w plebiscycie telewizyjnego&#8221; T\u0119czowego Music &#8211; Boxu&#8221; na &#8222;Najlepszy zesp\u00f3\u0142 artystyczny roku 1994&#8221;<\/span><br \/>\n<span style=\"color: #000000;\"> &#8211; &#8222;Srebrn\u0105 Jod\u0142\u0119&#8221; na Og\u00f3lnopolskim Festiwalu w Kielcach (2000)<\/span><br \/>\n<span style=\"color: #000000;\"> &#8211; czterokrotnie &#8222;Br\u0105zow\u0105 Jod\u0142\u0119&#8221; na Og\u00f3lnopolskim Festiwalu w Kielcach (1996, 1997, 1998, 2003)<\/span><br \/>\n<span style=\"color: #000000;\"> &#8211; wyr\u00f3\u017cnienie na &#8222;Og\u00f3lnopolskich Spotkaniach Tanecznych&#8221; w Szczecinie (1997)<\/span><br \/>\n<span style=\"color: #000000;\"> &#8211; wyr\u00f3\u017cnienie na Og\u00f3lnopolskim Festiwalu Ta\u0144ca w Gorzowie Wielkopolskim (1998, 1999)<\/span><br \/>\n<span style=\"color: #000000;\"> &#8211; Tytu\u0142 Laureata na Og\u00f3lnopolskim Festiwalu Zespo\u0142\u00f3w Tanecznych Dzieci i M\u0142odzie\u017cy w Gorzowie Wielkopolskim (2000, 2003)<\/span><br \/>\n<span style=\"color: #000000;\"> &#8211; Tytu\u0142 Laureata oraz Nagrod\u0119 Ministra Edukacji Narodowej i Sportu na IX Og\u00f3lnopolskim Festiwalu Zespo\u0142\u00f3w Tanecznych Dzieci i M\u0142odzie\u017cy w Gorzowie Wielkopolskim (2002)<\/span><\/p>\n","protected":false},"excerpt":{"rendered":"<p>&nbsp; Zesp\u00f3\u0142 Taneczny &#8222;Mak&#8221; powsta\u0142 w roku 1984. Ju\u017c po rocznej pracy zesp\u00f3\u0142 znalaz\u0142 si\u0119 w gronie najlepszych dzieci\u0119cych zespo\u0142\u00f3w tanecznych \u015al\u0105ska i od tej pory cieszy si\u0119 du\u017c\u0105 popularno\u015bci\u0105 i sympati\u0105 widz\u00f3w. Siedzib\u0105 zespo\u0142u jest Ognisko Pracy Pozaszkolnej Nr l w Zabrzu-Mikulczycach. Zesp\u00f3\u0142 specjalizuje si\u0119 w kr\u00f3tkich uk\u0142adach tanecznych, kt\u00f3re &#8211; w po\u0142\u0105czeniu z [&hellip;]<\/p>\n","protected":false},"author":2,"featured_media":0,"parent":0,"menu_order":0,"comment_status":"closed","ping_status":"closed","template":"","meta":{"footnotes":""},"class_list":["post-98","page","type-page","status-publish","czr-hentry"],"_links":{"self":[{"href":"https:\/\/www.mdk1.zabrze.pl\/index.php?rest_route=\/wp\/v2\/pages\/98","targetHints":{"allow":["GET"]}}],"collection":[{"href":"https:\/\/www.mdk1.zabrze.pl\/index.php?rest_route=\/wp\/v2\/pages"}],"about":[{"href":"https:\/\/www.mdk1.zabrze.pl\/index.php?rest_route=\/wp\/v2\/types\/page"}],"author":[{"embeddable":true,"href":"https:\/\/www.mdk1.zabrze.pl\/index.php?rest_route=\/wp\/v2\/users\/2"}],"replies":[{"embeddable":true,"href":"https:\/\/www.mdk1.zabrze.pl\/index.php?rest_route=%2Fwp%2Fv2%2Fcomments&post=98"}],"version-history":[{"count":5,"href":"https:\/\/www.mdk1.zabrze.pl\/index.php?rest_route=\/wp\/v2\/pages\/98\/revisions"}],"predecessor-version":[{"id":570,"href":"https:\/\/www.mdk1.zabrze.pl\/index.php?rest_route=\/wp\/v2\/pages\/98\/revisions\/570"}],"wp:attachment":[{"href":"https:\/\/www.mdk1.zabrze.pl\/index.php?rest_route=%2Fwp%2Fv2%2Fmedia&parent=98"}],"curies":[{"name":"wp","href":"https:\/\/api.w.org\/{rel}","templated":true}]}}