{"id":682,"date":"2021-10-29T11:39:29","date_gmt":"2021-10-29T09:39:29","guid":{"rendered":"https:\/\/www.mdk1.zabrze.pl\/?page_id=682"},"modified":"2025-09-23T12:17:25","modified_gmt":"2025-09-23T10:17:25","slug":"aktualnosci","status":"publish","type":"page","link":"https:\/\/www.mdk1.zabrze.pl\/?page_id=682","title":{"rendered":"Aktualno\u015bci"},"content":{"rendered":"\n<p class=\"has-text-align-center has-vivid-purple-color has-text-color has-large-font-size\"><strong>W roku szkolnym 2025\/2026\u00a0<\/strong>sk\u0142adka na Rad\u0119 Rodzic\u00f3w w grupach tanecznych wynosi 30,-z\u0142\/m-c p\u0142atne:<\/p>\n\n\n\n<p class=\"has-text-align-center has-vivid-purple-color has-text-color has-medium-font-size\">\u2013 wrzesie\u0144 \u2013 stycze\u0144&nbsp;&nbsp; \u2013 150,- z\u0142<\/p>\n\n\n\n<p class=\"has-text-align-center has-vivid-purple-color has-text-color has-medium-font-size\">\u2013 luty \u2013czerwiec&nbsp; \u2013 150,- z\u0142<\/p>\n","protected":false},"excerpt":{"rendered":"<p>W roku szkolnym 2025\/2026\u00a0sk\u0142adka na Rad\u0119 Rodzic\u00f3w w grupach tanecznych wynosi 30,-z\u0142\/m-c p\u0142atne: \u2013 wrzesie\u0144 \u2013 stycze\u0144&nbsp;&nbsp; \u2013 150,- z\u0142 \u2013 luty \u2013czerwiec&nbsp; \u2013 150,- z\u0142<\/p>\n","protected":false},"author":2,"featured_media":0,"parent":0,"menu_order":0,"comment_status":"closed","ping_status":"closed","template":"","meta":{"footnotes":""},"class_list":["post-682","page","type-page","status-publish","czr-hentry"],"_links":{"self":[{"href":"https:\/\/www.mdk1.zabrze.pl\/index.php?rest_route=\/wp\/v2\/pages\/682","targetHints":{"allow":["GET"]}}],"collection":[{"href":"https:\/\/www.mdk1.zabrze.pl\/index.php?rest_route=\/wp\/v2\/pages"}],"about":[{"href":"https:\/\/www.mdk1.zabrze.pl\/index.php?rest_route=\/wp\/v2\/types\/page"}],"author":[{"embeddable":true,"href":"https:\/\/www.mdk1.zabrze.pl\/index.php?rest_route=\/wp\/v2\/users\/2"}],"replies":[{"embeddable":true,"href":"https:\/\/www.mdk1.zabrze.pl\/index.php?rest_route=%2Fwp%2Fv2%2Fcomments&post=682"}],"version-history":[{"count":6,"href":"https:\/\/www.mdk1.zabrze.pl\/index.php?rest_route=\/wp\/v2\/pages\/682\/revisions"}],"predecessor-version":[{"id":1075,"href":"https:\/\/www.mdk1.zabrze.pl\/index.php?rest_route=\/wp\/v2\/pages\/682\/revisions\/1075"}],"wp:attachment":[{"href":"https:\/\/www.mdk1.zabrze.pl\/index.php?rest_route=%2Fwp%2Fv2%2Fmedia&parent=682"}],"curies":[{"name":"wp","href":"https:\/\/api.w.org\/{rel}","templated":true}]}}